{"id":48652,"date":"2024-07-04T11:08:32","date_gmt":"2024-07-04T15:08:32","guid":{"rendered":"https:\/\/climateactionnetwork.ca\/?post_type=staff&#038;p=48652"},"modified":"2025-10-08T11:31:38","modified_gmt":"2025-10-08T15:31:38","slug":"isabel-mcmurray","status":"publish","type":"staff","link":"https:\/\/climateactionnetwork.ca\/fr\/staff\/isabel-mcmurray\/","title":{"rendered":"Isabel McMurray"},"content":{"rendered":"<p class=\"bio\">Isabel a rejoint CAN-Rac en juillet 2024. Auparavant, Isabel a travaill\u00e9 dans le domaine des politiques environnementales et autochtones ainsi que dans le domaine juridique, souvent \u00e0 l&rsquo;intersection d\u00e9licate de ces deux sujets.\n<\/p>\n<div class=\"more-expand\">\n<p class=\"bio\">Isabel d\u00e9tient un baccalaur\u00e9at en sciences humaines de l&rsquo;Universit\u00e9 Carleton et un doctorat en droit de la Osgoode Hall Law School. En 2024, elle a \u00e9t\u00e9 admise au barreau de l&rsquo;Ontario.\n<\/p>\n<p class=\"bio\">Isabel habite \u00e0 Ottawa, sur le territoire non c\u00e9d\u00e9 de la Nation anishinabe algonquine. Dans ses temps libres, elle est une triathl\u00e8te d\u00e9butante, une boulang\u00e8re passionn\u00e9e et une joueuse de soci\u00e9t\u00e9 enthousiaste.\n<\/p>\n<\/div>\n","protected":false},"featured_media":50182,"template":"","meta":{"inline_featured_image":false},"class_list":["post-48652","staff","type-staff","status-publish","has-post-thumbnail","hentry"],"acf":[],"yoast_head":"<!-- This site is optimized with the Yoast SEO plugin v27.3 - https:\/\/yoast.com\/product\/yoast-seo-wordpress\/ -->\n<title>Isabel McMurray - Climate Action Network Canada (CAN-Rac)<\/title>\n<meta name=\"robots\" content=\"index, follow, max-snippet:-1, max-image-preview:large, max-video-preview:-1\" \/>\n<link rel=\"canonical\" href=\"https:\/\/climateactionnetwork.ca\/fr\/staff\/isabel-mcmurray\/\" \/>\n<meta property=\"og:locale\" content=\"fr_FR\" \/>\n<meta property=\"og:type\" content=\"article\" \/>\n<meta property=\"og:title\" content=\"Isabel McMurray - Climate Action Network Canada (CAN-Rac)\" \/>\n<meta property=\"og:description\" content=\"Isabel a rejoint CAN-Rac en juillet 2024. Auparavant, Isabel a [&hellip;]\" \/>\n<meta property=\"og:url\" content=\"https:\/\/climateactionnetwork.ca\/fr\/staff\/isabel-mcmurray\/\" \/>\n<meta property=\"og:site_name\" content=\"Climate Action Network Canada (CAN-Rac)\" \/>\n<meta property=\"article:publisher\" content=\"https:\/\/www.facebook.com\/climate.action.network.canada\" \/>\n<meta property=\"article:modified_time\" content=\"2025-10-08T15:31:38+00:00\" \/>\n<meta property=\"og:image\" content=\"https:\/\/climateactionnetwork.ca\/wp-content\/uploads\/Team-Headshots-Website.png\" \/>\n\t<meta property=\"og:image:width\" content=\"1080\" \/>\n\t<meta property=\"og:image:height\" content=\"1080\" \/>\n\t<meta property=\"og:image:type\" content=\"image\/png\" \/>\n<meta name=\"twitter:card\" content=\"summary_large_image\" \/>\n<meta name=\"twitter:site\" content=\"@CANRacCanada\" \/>\n<meta name=\"twitter:label1\" content=\"Dur\u00e9e de lecture estim\u00e9e\" \/>\n\t<meta name=\"twitter:data1\" content=\"1 minute\" \/>\n<script type=\"application\/ld+json\" class=\"yoast-schema-graph\">{\"@context\":\"https:\\\/\\\/schema.org\",\"@graph\":[{\"@type\":\"WebPage\",\"@id\":\"https:\\\/\\\/climateactionnetwork.ca\\\/fr\\\/staff\\\/isabel-mcmurray\\\/\",\"url\":\"https:\\\/\\\/climateactionnetwork.ca\\\/fr\\\/staff\\\/isabel-mcmurray\\\/\",\"name\":\"Isabel McMurray - Climate Action Network Canada (CAN-Rac)\",\"isPartOf\":{\"@id\":\"https:\\\/\\\/climateactionnetwork.ca\\\/#website\"},\"primaryImageOfPage\":{\"@id\":\"https:\\\/\\\/climateactionnetwork.ca\\\/fr\\\/staff\\\/isabel-mcmurray\\\/#primaryimage\"},\"image\":{\"@id\":\"https:\\\/\\\/climateactionnetwork.ca\\\/fr\\\/staff\\\/isabel-mcmurray\\\/#primaryimage\"},\"thumbnailUrl\":\"https:\\\/\\\/climateactionnetwork.ca\\\/wp-content\\\/uploads\\\/Team-Headshots-Website.png\",\"datePublished\":\"2024-07-04T15:08:32+00:00\",\"dateModified\":\"2025-10-08T15:31:38+00:00\",\"breadcrumb\":{\"@id\":\"https:\\\/\\\/climateactionnetwork.ca\\\/fr\\\/staff\\\/isabel-mcmurray\\\/#breadcrumb\"},\"inLanguage\":\"fr-FR\",\"potentialAction\":[{\"@type\":\"ReadAction\",\"target\":[\"https:\\\/\\\/climateactionnetwork.ca\\\/fr\\\/staff\\\/isabel-mcmurray\\\/\"]}]},{\"@type\":\"ImageObject\",\"inLanguage\":\"fr-FR\",\"@id\":\"https:\\\/\\\/climateactionnetwork.ca\\\/fr\\\/staff\\\/isabel-mcmurray\\\/#primaryimage\",\"url\":\"https:\\\/\\\/climateactionnetwork.ca\\\/wp-content\\\/uploads\\\/Team-Headshots-Website.png\",\"contentUrl\":\"https:\\\/\\\/climateactionnetwork.ca\\\/wp-content\\\/uploads\\\/Team-Headshots-Website.png\",\"width\":1080,\"height\":1080},{\"@type\":\"BreadcrumbList\",\"@id\":\"https:\\\/\\\/climateactionnetwork.ca\\\/fr\\\/staff\\\/isabel-mcmurray\\\/#breadcrumb\",\"itemListElement\":[{\"@type\":\"ListItem\",\"position\":1,\"name\":\"Home\",\"item\":\"https:\\\/\\\/climateactionnetwork.ca\\\/fr\\\/\"},{\"@type\":\"ListItem\",\"position\":2,\"name\":\"Isabel McMurray\"}]},{\"@type\":\"WebSite\",\"@id\":\"https:\\\/\\\/climateactionnetwork.ca\\\/#website\",\"url\":\"https:\\\/\\\/climateactionnetwork.ca\\\/\",\"name\":\"Climate Action Network Canada (CAN-Rac)\",\"description\":\"Climate Action Network Canada (CAN-Rac)\",\"publisher\":{\"@id\":\"https:\\\/\\\/climateactionnetwork.ca\\\/#organization\"},\"potentialAction\":[{\"@type\":\"SearchAction\",\"target\":{\"@type\":\"EntryPoint\",\"urlTemplate\":\"https:\\\/\\\/climateactionnetwork.ca\\\/?s={search_term_string}\"},\"query-input\":{\"@type\":\"PropertyValueSpecification\",\"valueRequired\":true,\"valueName\":\"search_term_string\"}}],\"inLanguage\":\"fr-FR\"},{\"@type\":\"Organization\",\"@id\":\"https:\\\/\\\/climateactionnetwork.ca\\\/#organization\",\"name\":\"Climate Action Network - R\u00e9seau action climat Canada\",\"alternateName\":\"CAN-Rac\",\"url\":\"https:\\\/\\\/climateactionnetwork.ca\\\/\",\"logo\":{\"@type\":\"ImageObject\",\"inLanguage\":\"fr-FR\",\"@id\":\"https:\\\/\\\/climateactionnetwork.ca\\\/#\\\/schema\\\/logo\\\/image\\\/\",\"url\":\"https:\\\/\\\/climateactionnetwork.ca\\\/wp-content\\\/uploads\\\/CAN-Rac-Canada-logo-cmyk-png-transparent.png\",\"contentUrl\":\"https:\\\/\\\/climateactionnetwork.ca\\\/wp-content\\\/uploads\\\/CAN-Rac-Canada-logo-cmyk-png-transparent.png\",\"width\":1181,\"height\":1181,\"caption\":\"Climate Action Network - R\u00e9seau action climat Canada\"},\"image\":{\"@id\":\"https:\\\/\\\/climateactionnetwork.ca\\\/#\\\/schema\\\/logo\\\/image\\\/\"},\"sameAs\":[\"https:\\\/\\\/www.facebook.com\\\/climate.action.network.canada\",\"https:\\\/\\\/x.com\\\/CANRacCanada\"]}]}<\/script>\n<!-- \/ Yoast SEO plugin. -->","yoast_head_json":{"title":"Isabel McMurray - Climate Action Network Canada (CAN-Rac)","robots":{"index":"index","follow":"follow","max-snippet":"max-snippet:-1","max-image-preview":"max-image-preview:large","max-video-preview":"max-video-preview:-1"},"canonical":"https:\/\/climateactionnetwork.ca\/fr\/staff\/isabel-mcmurray\/","og_locale":"fr_FR","og_type":"article","og_title":"Isabel McMurray - Climate Action Network Canada (CAN-Rac)","og_description":"Isabel a rejoint CAN-Rac en juillet 2024. Auparavant, Isabel a [&hellip;]","og_url":"https:\/\/climateactionnetwork.ca\/fr\/staff\/isabel-mcmurray\/","og_site_name":"Climate Action Network Canada (CAN-Rac)","article_publisher":"https:\/\/www.facebook.com\/climate.action.network.canada","article_modified_time":"2025-10-08T15:31:38+00:00","og_image":[{"width":1080,"height":1080,"url":"https:\/\/climateactionnetwork.ca\/wp-content\/uploads\/Team-Headshots-Website.png","type":"image\/png"}],"twitter_card":"summary_large_image","twitter_site":"@CANRacCanada","twitter_misc":{"Dur\u00e9e de lecture estim\u00e9e":"1 minute"},"schema":{"@context":"https:\/\/schema.org","@graph":[{"@type":"WebPage","@id":"https:\/\/climateactionnetwork.ca\/fr\/staff\/isabel-mcmurray\/","url":"https:\/\/climateactionnetwork.ca\/fr\/staff\/isabel-mcmurray\/","name":"Isabel McMurray - Climate Action Network Canada (CAN-Rac)","isPartOf":{"@id":"https:\/\/climateactionnetwork.ca\/#website"},"primaryImageOfPage":{"@id":"https:\/\/climateactionnetwork.ca\/fr\/staff\/isabel-mcmurray\/#primaryimage"},"image":{"@id":"https:\/\/climateactionnetwork.ca\/fr\/staff\/isabel-mcmurray\/#primaryimage"},"thumbnailUrl":"https:\/\/climateactionnetwork.ca\/wp-content\/uploads\/Team-Headshots-Website.png","datePublished":"2024-07-04T15:08:32+00:00","dateModified":"2025-10-08T15:31:38+00:00","breadcrumb":{"@id":"https:\/\/climateactionnetwork.ca\/fr\/staff\/isabel-mcmurray\/#breadcrumb"},"inLanguage":"fr-FR","potentialAction":[{"@type":"ReadAction","target":["https:\/\/climateactionnetwork.ca\/fr\/staff\/isabel-mcmurray\/"]}]},{"@type":"ImageObject","inLanguage":"fr-FR","@id":"https:\/\/climateactionnetwork.ca\/fr\/staff\/isabel-mcmurray\/#primaryimage","url":"https:\/\/climateactionnetwork.ca\/wp-content\/uploads\/Team-Headshots-Website.png","contentUrl":"https:\/\/climateactionnetwork.ca\/wp-content\/uploads\/Team-Headshots-Website.png","width":1080,"height":1080},{"@type":"BreadcrumbList","@id":"https:\/\/climateactionnetwork.ca\/fr\/staff\/isabel-mcmurray\/#breadcrumb","itemListElement":[{"@type":"ListItem","position":1,"name":"Home","item":"https:\/\/climateactionnetwork.ca\/fr\/"},{"@type":"ListItem","position":2,"name":"Isabel McMurray"}]},{"@type":"WebSite","@id":"https:\/\/climateactionnetwork.ca\/#website","url":"https:\/\/climateactionnetwork.ca\/","name":"Climate Action Network Canada (CAN-Rac)","description":"Climate Action Network Canada (CAN-Rac)","publisher":{"@id":"https:\/\/climateactionnetwork.ca\/#organization"},"potentialAction":[{"@type":"SearchAction","target":{"@type":"EntryPoint","urlTemplate":"https:\/\/climateactionnetwork.ca\/?s={search_term_string}"},"query-input":{"@type":"PropertyValueSpecification","valueRequired":true,"valueName":"search_term_string"}}],"inLanguage":"fr-FR"},{"@type":"Organization","@id":"https:\/\/climateactionnetwork.ca\/#organization","name":"Climate Action Network - R\u00e9seau action climat Canada","alternateName":"CAN-Rac","url":"https:\/\/climateactionnetwork.ca\/","logo":{"@type":"ImageObject","inLanguage":"fr-FR","@id":"https:\/\/climateactionnetwork.ca\/#\/schema\/logo\/image\/","url":"https:\/\/climateactionnetwork.ca\/wp-content\/uploads\/CAN-Rac-Canada-logo-cmyk-png-transparent.png","contentUrl":"https:\/\/climateactionnetwork.ca\/wp-content\/uploads\/CAN-Rac-Canada-logo-cmyk-png-transparent.png","width":1181,"height":1181,"caption":"Climate Action Network - R\u00e9seau action climat Canada"},"image":{"@id":"https:\/\/climateactionnetwork.ca\/#\/schema\/logo\/image\/"},"sameAs":["https:\/\/www.facebook.com\/climate.action.network.canada","https:\/\/x.com\/CANRacCanada"]}]}},"_links":{"self":[{"href":"https:\/\/climateactionnetwork.ca\/fr\/wp-json\/wp\/v2\/staff\/48652","targetHints":{"allow":["GET"]}}],"collection":[{"href":"https:\/\/climateactionnetwork.ca\/fr\/wp-json\/wp\/v2\/staff"}],"about":[{"href":"https:\/\/climateactionnetwork.ca\/fr\/wp-json\/wp\/v2\/types\/staff"}],"wp:featuredmedia":[{"embeddable":true,"href":"https:\/\/climateactionnetwork.ca\/fr\/wp-json\/wp\/v2\/media\/50182"}],"wp:attachment":[{"href":"https:\/\/climateactionnetwork.ca\/fr\/wp-json\/wp\/v2\/media?parent=48652"}],"curies":[{"name":"wp","href":"https:\/\/api.w.org\/{rel}","templated":true}]}}

<p class="bio">Isabel a rejoint CAN-Rac en juillet 2024. Auparavant, Isabel a travaillé dans le domaine des politiques environnementales et autochtones ainsi que dans le domaine juridique, souvent à l&rsquo;intersection délicate de ces deux sujets.
</p>
<div class="more-expand">
<p class="bio">Isabel détient un baccalauréat en sciences humaines de l&rsquo;Université Carleton et un doctorat en droit de la Osgoode Hall Law School. En 2024, elle a été admise au barreau de l&rsquo;Ontario.
</p>
<p class="bio">Isabel habite à Ottawa, sur le territoire non cédé de la Nation anishinabe algonquine. Dans ses temps libres, elle est une triathlète débutante, une boulangère passionnée et une joueuse de société enthousiaste.
</p>
</div>

<!-- This site is optimized with the Yoast SEO plugin v27.3 - https://yoast.com/product/yoast-seo-wordpress/ -->
<title>Isabel McMurray - Climate Action Network Canada (CAN-Rac)</title>
<meta name="robots" content="index, follow, max-snippet:-1, max-image-preview:large, max-video-preview:-1" />
<link rel="canonical" href="https://climateactionnetwork.ca/fr/staff/isabel-mcmurray/" />
<meta property="og:locale" content="fr_FR" />
<meta property="og:type" content="article" />
<meta property="og:title" content="Isabel McMurray - Climate Action Network Canada (CAN-Rac)" />
<meta property="og:description" content="Isabel a rejoint CAN-Rac en juillet 2024. Auparavant, Isabel a [&hellip;]" />
<meta property="og:url" content="https://climateactionnetwork.ca/fr/staff/isabel-mcmurray/" />
<meta property="og:site_name" content="Climate Action Network Canada (CAN-Rac)" />
<meta property="article:publisher" content="https://www.facebook.com/climate.action.network.canada" />
<meta property="article:modified_time" content="2025-10-08T15:31:38+00:00" />
<meta property="og:image" content="https://climateactionnetwork.ca/wp-content/uploads/Team-Headshots-Website.png" />
	<meta property="og:image:width" content="1080" />
	<meta property="og:image:height" content="1080" />
	<meta property="og:image:type" content="image/png" />
<meta name="twitter:card" content="summary_large_image" />
<meta name="twitter:site" content="@CANRacCanada" />
<meta name="twitter:label1" content="Durée de lecture estimée" />
	<meta name="twitter:data1" content="1 minute" />
<script type="application/ld+json" class="yoast-schema-graph">{"@context":"https:\/\/schema.org","@graph":[{"@type":"WebPage","@id":"https:\/\/climateactionnetwork.ca\/fr\/staff\/isabel-mcmurray\/","url":"https:\/\/climateactionnetwork.ca\/fr\/staff\/isabel-mcmurray\/","name":"Isabel McMurray - Climate Action Network Canada (CAN-Rac)","isPartOf":{"@id":"https:\/\/climateactionnetwork.ca\/#website"},"primaryImageOfPage":{"@id":"https:\/\/climateactionnetwork.ca\/fr\/staff\/isabel-mcmurray\/#primaryimage"},"image":{"@id":"https:\/\/climateactionnetwork.ca\/fr\/staff\/isabel-mcmurray\/#primaryimage"},"thumbnailUrl":"https:\/\/climateactionnetwork.ca\/wp-content\/uploads\/Team-Headshots-Website.png","datePublished":"2024-07-04T15:08:32+00:00","dateModified":"2025-10-08T15:31:38+00:00","breadcrumb":{"@id":"https:\/\/climateactionnetwork.ca\/fr\/staff\/isabel-mcmurray\/#breadcrumb"},"inLanguage":"fr-FR","potentialAction":[{"@type":"ReadAction","target":["https:\/\/climateactionnetwork.ca\/fr\/staff\/isabel-mcmurray\/"]}]},{"@type":"ImageObject","inLanguage":"fr-FR","@id":"https:\/\/climateactionnetwork.ca\/fr\/staff\/isabel-mcmurray\/#primaryimage","url":"https:\/\/climateactionnetwork.ca\/wp-content\/uploads\/Team-Headshots-Website.png","contentUrl":"https:\/\/climateactionnetwork.ca\/wp-content\/uploads\/Team-Headshots-Website.png","width":1080,"height":1080},{"@type":"BreadcrumbList","@id":"https:\/\/climateactionnetwork.ca\/fr\/staff\/isabel-mcmurray\/#breadcrumb","itemListElement":[{"@type":"ListItem","position":1,"name":"Home","item":"https:\/\/climateactionnetwork.ca\/fr\/"},{"@type":"ListItem","position":2,"name":"Isabel McMurray"}]},{"@type":"WebSite","@id":"https:\/\/climateactionnetwork.ca\/#website","url":"https:\/\/climateactionnetwork.ca\/","name":"Climate Action Network Canada (CAN-Rac)","description":"Climate Action Network Canada (CAN-Rac)","publisher":{"@id":"https:\/\/climateactionnetwork.ca\/#organization"},"potentialAction":[{"@type":"SearchAction","target":{"@type":"EntryPoint","urlTemplate":"https:\/\/climateactionnetwork.ca\/?s={search_term_string}"},"query-input":{"@type":"PropertyValueSpecification","valueRequired":true,"valueName":"search_term_string"}}],"inLanguage":"fr-FR"},{"@type":"Organization","@id":"https:\/\/climateactionnetwork.ca\/#organization","name":"Climate Action Network - Réseau action climat Canada","alternateName":"CAN-Rac","url":"https:\/\/climateactionnetwork.ca\/","logo":{"@type":"ImageObject","inLanguage":"fr-FR","@id":"https:\/\/climateactionnetwork.ca\/#\/schema\/logo\/image\/","url":"https:\/\/climateactionnetwork.ca\/wp-content\/uploads\/CAN-Rac-Canada-logo-cmyk-png-transparent.png","contentUrl":"https:\/\/climateactionnetwork.ca\/wp-content\/uploads\/CAN-Rac-Canada-logo-cmyk-png-transparent.png","width":1181,"height":1181,"caption":"Climate Action Network - Réseau action climat Canada"},"image":{"@id":"https:\/\/climateactionnetwork.ca\/#\/schema\/logo\/image\/"},"sameAs":["https:\/\/www.facebook.com\/climate.action.network.canada","https:\/\/x.com\/CANRacCanada"]}]}</script>
<!-- / Yoast SEO plugin. -->

Climate Action Network - Réseau action climat Canada
